2 - 10 - 12*p. What is the units digit of n(-7)?
5
Let j be 130/14 + 8/(-28). Suppose -d + j = -0*d. Suppose -3 = -3*z + d. What is the units digit of z?
4
Let j be (-12)/(-8)*64/12. Suppose 40 = q + j. What is the units digit of q?
2
Let r(j) = -j**2 + 7*j + 8. Let q be r(8). Let l = 3 + -4. What is the units digit of (-8)/l - (1 + q)?
7
Let b(f) = 7 - f + 0*f + 1 - 4. What is the units digit of b(-7)?
1
Suppose 2*u = -4, -2*x - 5 + 1 = 4*u. Suppose 5*c - 2*q - 90 = 0, -39 = -x*c + 2*q - 9. What is the tens digit of c?
2
Let d(p) = p**2 - 7*p + 9. Let w be d(6). Suppose 1 = -w*z - 4*x + 9, 2*x = 2*z - 24. What is the units digit of z?
8
Let d = 5 - -45. What is the units digit of d?
0
Suppose 0 = 3*h - 7 - 86. What is the tens digit of h?
3
What is the tens digit of (-1 + -25)/((2 - 1)/(-1))?
2
Let d(x) = 5*x**2 + x. Let k be d(-1). Let m(v) = -v**3 - 6*v**2 + 6*v - 7. Let p be m(-7). Let h = k + p. What is the units digit of h?
4
Let d = -31 - -42. What is the tens digit of d?
1
Let u(r) = 14 - 4 + 6*r**2 - 3*r**3 + r**2 + 2*r**3. Let y be u(7). What is the units digit of 64/y + 24/40?
7
Suppose -13 = -2*f + i, f + 3*i + 2 = -2. Suppose -f*n = 4*p - 36, -5*p + 35 = -n + 6*n. Suppose -4*l = -n, 4*w - 38 = -l + 2*l. What is the tens digit of w?
1
Suppose 3*j = 61 + 56. Let s = -16 + j. What is the units digit of s?
3
Suppose 3*t = -v - 61, -4*v + 1 - 5 = 0. What is the tens digit of 86/8 + (-5)/t?
1
Suppose 0 = -2*n + 3*n. Suppose 15 = -5*u, 4*u + 9 = -3*p - n*u. Suppose 3 - p = 4*c - 5*z, 5*z = 3*c + 1. What is the units digit of c?
3
Let d(v) = v**2 - 4*v. Let o be d(4). Suppose 5*s + 0*s - 15 = o. What is the units digit of s?
3
Let g(o) = 4*o - 5. Suppose 6 - 2 = z. What is the units digit of g(z)?
1
Suppose -4*a + 5*f = 10, -6*a - 5*f + 10 = -2*a. Let x = a - -5. What is the units digit of x?
5
What is the units digit of -3*181/(-2) + (-2)/(-4)?
2
Suppose -5*n = -f - 4 - 20, -2*f = 5*n - 27. Let g(x) = 2*x**2 - 8*x + 8. What is the units digit of g(n)?
8
Suppose -4*b + 2*v = 62, 3*v + 2*v = 5*b + 90. Let g = -23 - b. What is the units digit of 36/10 + (-4)/g?
4
Let c be ((-4)/(-6))/(3/9). Suppose l - 6*l + 3*v = -148, 3*l = -c*v + 85. What is the tens digit of l?
2
Suppose a = -0*a - 5*c - 20, 0 = -c - 5. Suppose -a*r = -3*r - 18. What is the units digit of r?
9
Suppose 0 = v - 3*a - 5, 0*v - a - 13 = -v. What is the units digit of v?
7
Let l(x) = -13*x**3 + 37*x**2 - 32*x + 1. Let m(n) = -3*n**3 + 9*n**2 - 8*n. Let h(q) = 2*l(q) - 9*m(q). Let d = 16 - 10. What is the tens digit of h(d)?
1
Let p(y) = -5*y + 2. What is the tens digit of p(-4)?
2
Let g = 824 - 567. What is the units digit of g?
7
Suppose -2*v + 6*v + j - 17 = 0, -3*j + 24 = 3*v. Suppose -2*h - 2 = -3*w, w + 3*h + v = 3*w. What is the units digit of -4 + 10 + (w - 0)?
6
Let f = -22 + 57. What is the tens digit of f?
3
Suppose 5*g - 4*z - 2016 = 0, -2*z + 1192 = 2*g + g. What is the units digit of g?
0
Let o be (-3*3)/(-2 + 1). What is the units digit of (-6)/o - 118/(-6)?
9
Let k be 14/4*(-3 + 1). Let t = 43 - 31. Let x = t + k. What is the units digit of x?
5
Suppose 0 = 4*t + 5*u - 2, 0*u = -3*t + u - 8. Let k = t - -8. What is the units digit of k?
6
Suppose -64 = -2*z + 8. Suppose 4 + z = 2*s. Suppose -4*d + 0*d = -s. What is the units digit of d?
5
Suppose j - 3*h - 48 = 0, j + 24 = 5*h + 74. What is the tens digit of j?
4
Suppose v + 3*v = 28. Suppose -28 = 3*b - 5*b. Let z = b - v. What is the units digit of z?
7
Let l(m) = -m**3 + 4*m**2 + 6*m + 2. Let v be (-4)/(-3) + (-4)/(-6). Suppose 0*z - v*z = 5*t, 20 = 2*z - 5*t. What is the units digit of l(z)?
7
Let u(l) = l**3 + 6*l**2 - 2*l + 1. Let i be u(-6). Suppose 9 - 39 = 5*m. Let n = m + i. What is the units digit of n?
7
Suppose 2*n - 15 - 4 = 3*r, r = -5*n + 22. What is the units digit of n?
5
Let u = -12 - -4. Let x = u - -1. What is the tens digit of x*(3 + -5) + -1?
1
Let f be 1/4 + (-14)/(-8). Suppose -3*m + f = -m. Suppose 0*x - m = -x. What is the units digit of x?
1
Let b be (-12 - (0 - 3)) + 2. What is the units digit of (1 - 0)/((-1)/b)?
7
Suppose 5*u - 3 = -18. Let i be (u/3*0)/(-1). Suppose -2*t - t + 21 = i. What is the units digit of t?
7
Suppose 2*b - 4*x - 208 = 0, -6 = 3*x - 6*x. Let v be (2/(-6))/((-4)/b). Suppose 0 = -2*m - h + 4 + 9, -2*m + v = 5*h. What is the units digit of m?
7
Let w = 107 + -71. What is the tens digit of w?
3
Suppose -2*h - 4*m - 20 = 0, m + 5 = 4*h - 0. Let u be 1 - (h - -2)/(-2). Suppose -u*s + 4 = 2. What is the units digit of s?
1
Suppose 3*p = 2*j - 56, -5*j = p - 3*p - 162. What is the tens digit of j?
3
Let j(b) be the third derivative of -b**6/120 - b**5/10 + b**4/4 - 5*b**3/3 + 3*b**2. Let s be j(-7). What is the tens digit of (13/2)/(s/(-6))?
1
Let h(i) = -i**3 - 10*i**2 + 9*i - 5. Let j be h(-11). Let z = j + -10. What is the units digit of z?
7
Let a(q) = 7*q**2 + 13*q + 12. What is the hundreds digit of a(-5)?
1
Let g = 12 + -29. Let k = -2 - g. What is the tens digit of k?
1
Suppose -5*p + 2*p = -12. Suppose 4*v = -v + 3*j + 35, p*v - 2*j = 30. What is the units digit of v?
0
Suppose -16 = -m + 17. What is the tens digit of m?
3
Let y be (60/(-75))/(1/(-5)). Suppose -4*m + 6*m - 50 = y*q, m + 3*q = 0. What is the tens digit of m?
1
Let r(x) = x**2 - 7*x + 23. What is the tens digit of r(9)?
4
Let x = 26 + -16. Suppose w - 4*k - 1 = 37, -x = 2*k. What is the tens digit of w?
1
Let j(d) = -7*d**3 - 7*d**2 + 19*d - 1. Let f(o) = -4*o**3 - 3*o**2 + 10*o. Let a(w) = 5*f(w) - 3*j(w). What is the units digit of a(-7)?
3
Let g(c) = -4*c + 4*c - 5 - 2*c. Let o be g(-5). What is the units digit of 58/o - 8/(-20)?
2
Suppose 0 = -25*z + 32*z - 1106. What is the tens digit of z?
5
Let b(r) = 5*r + 9. What is the units digit of b(3)?
4
Let n be (-14)/35*(-1 - 29). Let z be n + -2 + (1 - 2). Suppose 4*b - 3*b = z. What is the units digit of b?
9
Let c(d) = -3*d + 10. Let h be c(-13). Let n be (102/(-4))/((-6)/(-8)). Let v = n + h. What is the tens digit of v?
1
Let k be -2 + 3/3*2. Let h(z) = z**3 - z**2 - 8. Let g(w) = -w**3 + w**2 + 7. Let i(v) = -4*g(v) - 5*h(v). What is the tens digit of i(k)?
1
Let s(b) = b**2 + 7*b - 2. Let u be s(-5). Let x be ((-2)/(-3))/((-4)/u). Suppose 0 = 4*o - 24 + 4, x*h + o - 21 = 0. What is the units digit of h?
8
Let w(h) be the second derivative of h**3/3 + h**2 - 2*h. Let x be w(-7). What is the units digit of (x/9)/4*-3?
1
Let o = -31 + 168. What is the units digit of o?
7
Let m(g) = -2*g + 10. What is the units digit of m(-6)?
2
Suppose -3*s + 16 = -2*s - 5*b, 0 = -4*b + 4. Suppose k - s = -2*k. What is the units digit of k?
7
Suppose -2*c + t - 9 = 0, 2*c = 3*t - 6*t + 11. Let p = 2 - c. Suppose h + p*h = 40. What is the units digit of h?
8
Let q(z) = 85*z - 7. What is the hundreds digit of q(3)?
2
Let p(i) = -i**3 - 2*i**2 + i - 1. Let s be p(-3). Suppose s*g = 5*k - 140, 0*k + 3*g = k - 26. What is the tens digit of k?
2
Let f(o) = -27*o**3 - o**2 + 5*o + 2. What is the hundreds digit of f(-2)?
2
Suppose -5*w + 0*w + 238 = 4*k, -2*w + 91 = 3*k. What is the tens digit of w?
5
Let s be (-22)/5 + 10/25. Let q(o) = -o**3 - 4*o**2 - 3*o - 5. What is the units digit of q(s)?
7
What is the units digit of 85 + -38 - (-1 + 2 + 1)?
5
Let r = -7 - -1. What is the tens digit of (-4 - 26)*4/r?
2
Let r = 6 + -3. What is the units digit of 7/r + (-4)/(-6)?
3
Suppose 155 = 5*d - 9*c + 4*c, 0 = 2*d - 5*c - 59. What is the tens digit of d?
3
Let c(z) = -4*z + 3. Let t be c(-5). Suppose t = x + 8. What is the units digit of x?
5
Suppose -4*d + 6 = -2. Suppose 6 = d*x + 2. What is the units digit of x?
2
Let a(p) = 30*p**2. Let r be a(1). Suppose -5*q + 10 = r. What is the units digit of (-26)/q + 5/10?
7
Let d(u) = -u**2 - 5*u + 4. Let z be d(-5). Let j(w) = -2*w**2 + 3*w + 2. Let r be j(z). What is the units digit of (15/(-6) + 2)*r?
9
Let m = 2 + -3. What is the units digit of (-18)/6 - (-4 + m)?
2
Suppose 25 = 2*x - 57. What is the tens digit of x?
4
Suppose 4*y + 180 = 3*n, 0 = 4*n - 5*y - 3 - 236. What is the tens digit of n?
5
Suppose x = -h, 2 + 13 = h - 4*x. Suppose 3*p = -5*o + 35, 4 = o + h*o. What is the units digit of p?
0
Suppose f - 50 = -v, 3*v = -0*v - 15. What is the units digit of f?
5
Suppose 0 = 4*m + 5*o - 24 + 1, -5*m + o + 65 